{"id":557,"date":"2025-09-13T11:23:27","date_gmt":"2025-09-13T11:23:27","guid":{"rendered":"https:\/\/verein-volkeningheim.de\/?page_id=557"},"modified":"2025-09-13T11:26:03","modified_gmt":"2025-09-13T11:26:03","slug":"wir-sind-das-volkeningheim-musikvideo","status":"publish","type":"page","link":"https:\/\/verein-volkeningheim.de\/?page_id=557","title":{"rendered":"&#8222;Wir sind das Volkeningheim&#8220; &#8211; Musikvideo"},"content":{"rendered":"\n<figure class=\"wp-block-embed aligncenter is-type-video is-provider-youtube wp-block-embed-youtube wp-embed-aspect-16-9 wp-has-aspect-ratio\"><div class=\"wp-block-embed__wrapper\">\n<iframe loading=\"lazy\" title=\"WE ARE VOLKENINGS\" width=\"640\" height=\"360\" src=\"https:\/\/www.youtube.com\/embed\/pOqg3NLs9Ko?feature=oembed\" frameborder=\"0\" allow=\"accelerometer; autoplay; clipboard-write; encrypted-media; gyroscope; picture-in-picture; web-share\" referrerpolicy=\"strict-origin-when-cross-origin\" allowfullscreen><\/iframe>\n<\/div><\/figure>\n\n\n\n<p class=\"has-text-align-center has-small-font-size\">F\u00fcr mich f\u00e4ngt der Tag an wenn man im Flur seine Freunde treffen kann <br>und sich fragt wie zieht der Tag so seine Bahn. <br>Vielleicht gibt es unten ein Konzert, <br>oder eine Andacht in der man den Tag lobt und das Leben ehrt. <br><br>F\u00fcr mich ist dieser Ort hier mein Zuhause und manchmal eine Pause,<br>in der wir die Welt anmalen. <br>Wenn jeder einen Freund mitbringt, der mit uns f\u00fcr unser Zuhause singt, <br>dann ist das Haus voller Klang und die Lichter blieben an. <br><br>Abends spiel ich auf dem Klavier <br>und ich w\u00fcnschte es bleibt hier, <br>weil wir gemeinsam singen \u00fcber <br>Stra\u00dfen die uns zusammen bringen. <br><br>M\u00f6ge diese Stra\u00dfe uns hier zusammenf\u00fchren <br>und dann stehen wir vor offenen T\u00fcren. <br><br>Dann bleibt dieser Ort hier mein Zuhause und manchmal meine Pause <br>in der wir die Welt anmalen. <br>Was ich mir manchmal denk, ist das Haus ist ein Geschenk <br>indem wir lachen, malen, tanzen du und ich. <br><\/p>\n","protected":false},"excerpt":{"rendered":"<p>F\u00fcr mich f\u00e4ngt der Tag an wenn man im Flur seine Freunde treffen kann und sich fragt wie zieht der Tag so seine Bahn. Vielleicht gibt es unten ein Konzert, oder eine Andacht in der man den Tag lobt und das Leben ehrt. F\u00fcr mich ist dieser Ort hier mein Zuhause und manchmal eine Pause,in der wir die Welt anmalen. Wenn jeder einen Freund mitbringt, der mit uns f\u00fcr unser Zuhause singt, dann ist das Haus voller Klang und die&#8230;<\/p>\n<p class=\"read-more\"><a class=\"btn btn-default\" href=\"https:\/\/verein-volkeningheim.de\/?page_id=557\">Weiterlesen<span class=\"screen-reader-text\"> Weiterlesen<\/span><\/a><\/p>\n","protected":false},"author":1,"featured_media":0,"parent":347,"menu_order":4,"comment_status":"closed","ping_status":"closed","template":"","meta":{"footnotes":""},"class_list":["post-557","page","type-page","status-publish","hentry"],"_links":{"self":[{"href":"https:\/\/verein-volkeningheim.de\/index.php?rest_route=\/wp\/v2\/pages\/557","targetHints":{"allow":["GET"]}}],"collection":[{"href":"https:\/\/verein-volkeningheim.de\/index.php?rest_route=\/wp\/v2\/pages"}],"about":[{"href":"https:\/\/verein-volkeningheim.de\/index.php?rest_route=\/wp\/v2\/types\/page"}],"author":[{"embeddable":true,"href":"https:\/\/verein-volkeningheim.de\/index.php?rest_route=\/wp\/v2\/users\/1"}],"replies":[{"embeddable":true,"href":"https:\/\/verein-volkeningheim.de\/index.php?rest_route=%2Fwp%2Fv2%2Fcomments&post=557"}],"version-history":[{"count":1,"href":"https:\/\/verein-volkeningheim.de\/index.php?rest_route=\/wp\/v2\/pages\/557\/revisions"}],"predecessor-version":[{"id":558,"href":"https:\/\/verein-volkeningheim.de\/index.php?rest_route=\/wp\/v2\/pages\/557\/revisions\/558"}],"up":[{"embeddable":true,"href":"https:\/\/verein-volkeningheim.de\/index.php?rest_route=\/wp\/v2\/pages\/347"}],"wp:attachment":[{"href":"https:\/\/verein-volkeningheim.de\/index.php?rest_route=%2Fwp%2Fv2%2Fmedia&parent=557"}],"curies":[{"name":"wp","href":"https:\/\/api.w.org\/{rel}","templated":true}]}}

<figure class="wp-block-embed aligncenter is-type-video is-provider-youtube wp-block-embed-youtube wp-embed-aspect-16-9 wp-has-aspect-ratio"><div class="wp-block-embed__wrapper">
<iframe loading="lazy" title="WE ARE VOLKENINGS" width="640" height="360" src="https://www.youtube.com/embed/pOqg3NLs9Ko?feature=oembed" frameborder="0" allow="accelerometer; autoplay; clipboard-write; encrypted-media; gyroscope; picture-in-picture; web-share" referrerpolicy="strict-origin-when-cross-origin" allowfullscreen></iframe>
</div></figure>



<p class="has-text-align-center has-small-font-size">Für mich fängt der Tag an wenn man im Flur seine Freunde treffen kann <br>und sich fragt wie zieht der Tag so seine Bahn. <br>Vielleicht gibt es unten ein Konzert, <br>oder eine Andacht in der man den Tag lobt und das Leben ehrt. <br><br>Für mich ist dieser Ort hier mein Zuhause und manchmal eine Pause,<br>in der wir die Welt anmalen. <br>Wenn jeder einen Freund mitbringt, der mit uns für unser Zuhause singt, <br>dann ist das Haus voller Klang und die Lichter blieben an. <br><br>Abends spiel ich auf dem Klavier <br>und ich wünschte es bleibt hier, <br>weil wir gemeinsam singen über <br>Straßen die uns zusammen bringen. <br><br>Möge diese Straße uns hier zusammenführen <br>und dann stehen wir vor offenen Türen. <br><br>Dann bleibt dieser Ort hier mein Zuhause und manchmal meine Pause <br>in der wir die Welt anmalen. <br>Was ich mir manchmal denk, ist das Haus ist ein Geschenk <br>indem wir lachen, malen, tanzen du und ich. <br></p>

<p>Für mich fängt der Tag an wenn man im Flur seine Freunde treffen kann und sich fragt wie zieht der Tag so seine Bahn. Vielleicht gibt es unten ein Konzert, oder eine Andacht in der man den Tag lobt und das Leben ehrt. Für mich ist dieser Ort hier mein Zuhause und manchmal eine Pause,in der wir die Welt anmalen. Wenn jeder einen Freund mitbringt, der mit uns für unser Zuhause singt, dann ist das Haus voller Klang und die&#8230;</p>
<p class="read-more"><a class="btn btn-default" href="https://verein-volkeningheim.de/?page_id=557">Weiterlesen<span class="screen-reader-text"> Weiterlesen</span></a></p>
