{"id":434,"date":"2023-05-17T18:36:14","date_gmt":"2023-05-17T18:36:14","guid":{"rendered":"https:\/\/verein-volkeningheim.de\/?page_id=434"},"modified":"2025-09-13T11:27:12","modified_gmt":"2025-09-13T11:27:12","slug":"stellungnahme-der-bundes-esg","status":"publish","type":"page","link":"https:\/\/verein-volkeningheim.de\/?page_id=434","title":{"rendered":"externe Stellungnahmen und \u00f6ffentliche Briefe"},"content":{"rendered":"\n<p class=\"has-text-align-center\"><strong>SPD<\/strong> (Stellungnahme und Pressemitteilung)<\/p>\n\n\n\n<div data-wp-interactive=\"core\/file\" class=\"wp-block-file\"><object data-wp-bind--hidden=\"!state.hasPdfPreview\" hidden class=\"wp-block-file__embed\" data=\"https:\/\/verein-volkeningheim.de\/wp-content\/uploads\/2023\/05\/20230519_Offener_Brief_Kurschus_Volkeningheim.pdf\" type=\"application\/pdf\" style=\"width:100%;height:600px\" aria-label=\"Einbettung von 20230519_Offener_Brief_Kurschus_Volkeningheim.\"><\/object><a id=\"wp-block-file--media-2906aef4-7ada-42a5-9f8b-3cc805cb0331\" href=\"https:\/\/verein-volkeningheim.de\/wp-content\/uploads\/2023\/05\/20230519_Offener_Brief_Kurschus_Volkeningheim.pdf\">20230519_Offener_Brief_Kurschus_Volkeningheim<\/a><a href=\"https:\/\/verein-volkeningheim.de\/wp-content\/uploads\/2023\/05\/20230519_Offener_Brief_Kurschus_Volkeningheim.pdf\" class=\"wp-block-file__button wp-element-button\" download aria-describedby=\"wp-block-file--media-2906aef4-7ada-42a5-9f8b-3cc805cb0331\">Herunterladen<\/a><\/div>\n\n\n\n<div data-wp-interactive=\"core\/file\" class=\"wp-block-file\"><object data-wp-bind--hidden=\"!state.hasPdfPreview\" hidden class=\"wp-block-file__embed\" data=\"https:\/\/verein-volkeningheim.de\/wp-content\/uploads\/2023\/05\/20230519_Pressemitteilung_Volkeningheim.pdf\" type=\"application\/pdf\" style=\"width:100%;height:600px\" aria-label=\"Einbettung von 20230519_Pressemitteilung_Volkeningheim.\"><\/object><a id=\"wp-block-file--media-9474df3d-397b-4939-acfd-994be4e1a151\" href=\"https:\/\/verein-volkeningheim.de\/wp-content\/uploads\/2023\/05\/20230519_Pressemitteilung_Volkeningheim.pdf\">20230519_Pressemitteilung_Volkeningheim<\/a><a href=\"https:\/\/verein-volkeningheim.de\/wp-content\/uploads\/2023\/05\/20230519_Pressemitteilung_Volkeningheim.pdf\" class=\"wp-block-file__button wp-element-button\" download aria-describedby=\"wp-block-file--media-9474df3d-397b-4939-acfd-994be4e1a151\">Herunterladen<\/a><\/div>\n\n\n\n<p class=\"has-text-align-center has-medium-font-size\"><strong>Bundes-ESG<\/strong><\/p>\n\n\n\n<div data-wp-interactive=\"core\/file\" class=\"wp-block-file aligncenter\"><object data-wp-bind--hidden=\"!state.hasPdfPreview\" hidden class=\"wp-block-file__embed\" data=\"https:\/\/verein-volkeningheim.de\/wp-content\/uploads\/2023\/05\/Brief.Kirchenleitung.MS_BundesESG.pdf\" type=\"application\/pdf\" style=\"width:100%;height:600px\" aria-label=\"Einbettung von Brief.Kirchenleitung.MS_BundesESG.\"><\/object><a id=\"wp-block-file--media-07633c81-bc7a-4eeb-be35-ee333aba743f\" href=\"https:\/\/verein-volkeningheim.de\/wp-content\/uploads\/2023\/05\/Brief.Kirchenleitung.MS_BundesESG.pdf\">Brief.Kirchenleitung.MS_BundesESG<\/a><a href=\"https:\/\/verein-volkeningheim.de\/wp-content\/uploads\/2023\/05\/Brief.Kirchenleitung.MS_BundesESG.pdf\" class=\"wp-block-file__button wp-element-button\" download aria-describedby=\"wp-block-file--media-07633c81-bc7a-4eeb-be35-ee333aba743f\">Herunterladen<\/a><\/div>\n\n\n\n<div style=\"height:100px\" aria-hidden=\"true\" class=\"wp-block-spacer\"><\/div>\n\n\n\n<p class=\"has-text-align-center has-medium-font-size\"><strong>Regionale politische Akteure<\/strong><\/p>\n\n\n\n<p class=\"has-text-align-center\">(AStA der Universit\u00e4t M\u00fcnster \u2022 SPD M\u00fcnster \u2022 B\u00fcndnis 90\/Die Gr\u00fcnen\/GAL M\u00fcnster<br>Deutscher Gewerkschaftsbund Stadtverband M\u00fcnster \u2022 Evangelische Studierendengemeine M\u00fcnster<br>Die Linke M\u00fcnster \u2022 LEG-Mieter*inneninitiative M\u00fcnster \u2022 Gr\u00fcne Jugend M\u00fcnster \u2022 Jusos M\u00fcnster<br>CampusGr\u00fcn M\u00fcnster \u2022 Juso-Hochschulgruppe M\u00fcnster)<\/p>\n\n\n\n<div data-wp-interactive=\"core\/file\" class=\"wp-block-file\"><object data-wp-bind--hidden=\"!state.hasPdfPreview\" hidden class=\"wp-block-file__embed\" data=\"https:\/\/verein-volkeningheim.de\/wp-content\/uploads\/2023\/05\/Stellungsnahme-zur-Schliessung-des-Oekumenischen-Volkeningheims.pdf\" type=\"application\/pdf\" style=\"width:100%;height:600px\" aria-label=\"Einbettung von Stellungsnahme-zur-Schliessung-des-Oekumenischen-Volkeningheims.\"><\/object><a id=\"wp-block-file--media-24bd4df0-94e3-4f86-bbb3-80bae6e70dad\" href=\"https:\/\/verein-volkeningheim.de\/wp-content\/uploads\/2023\/05\/Stellungsnahme-zur-Schliessung-des-Oekumenischen-Volkeningheims.pdf\">Stellungsnahme-zur-Schliessung-des-Oekumenischen-Volkeningheims<\/a><a href=\"https:\/\/verein-volkeningheim.de\/wp-content\/uploads\/2023\/05\/Stellungsnahme-zur-Schliessung-des-Oekumenischen-Volkeningheims.pdf\" class=\"wp-block-file__button wp-element-button\" download aria-describedby=\"wp-block-file--media-24bd4df0-94e3-4f86-bbb3-80bae6e70dad\">Herunterladen<\/a><\/div>\n","protected":false},"excerpt":{"rendered":"<p>SPD (Stellungnahme und Pressemitteilung) Bundes-ESG Regionale politische Akteure (AStA der Universit\u00e4t M\u00fcnster \u2022 SPD M\u00fcnster \u2022 B\u00fcndnis 90\/Die Gr\u00fcnen\/GAL M\u00fcnsterDeutscher Gewerkschaftsbund Stadtverband M\u00fcnster \u2022 Evangelische Studierendengemeine M\u00fcnsterDie Linke M\u00fcnster \u2022 LEG-Mieter*inneninitiative M\u00fcnster \u2022 Gr\u00fcne Jugend M\u00fcnster \u2022 Jusos M\u00fcnsterCampusGr\u00fcn M\u00fcnster \u2022 Juso-Hochschulgruppe M\u00fcnster)<\/p>\n","protected":false},"author":1,"featured_media":0,"parent":347,"menu_order":0,"comment_status":"closed","ping_status":"closed","template":"","meta":{"footnotes":""},"class_list":["post-434","page","type-page","status-publish","hentry"],"_links":{"self":[{"href":"https:\/\/verein-volkeningheim.de\/index.php?rest_route=\/wp\/v2\/pages\/434","targetHints":{"allow":["GET"]}}],"collection":[{"href":"https:\/\/verein-volkeningheim.de\/index.php?rest_route=\/wp\/v2\/pages"}],"about":[{"href":"https:\/\/verein-volkeningheim.de\/index.php?rest_route=\/wp\/v2\/types\/page"}],"author":[{"embeddable":true,"href":"https:\/\/verein-volkeningheim.de\/index.php?rest_route=\/wp\/v2\/users\/1"}],"replies":[{"embeddable":true,"href":"https:\/\/verein-volkeningheim.de\/index.php?rest_route=%2Fwp%2Fv2%2Fcomments&post=434"}],"version-history":[{"count":6,"href":"https:\/\/verein-volkeningheim.de\/index.php?rest_route=\/wp\/v2\/pages\/434\/revisions"}],"predecessor-version":[{"id":515,"href":"https:\/\/verein-volkeningheim.de\/index.php?rest_route=\/wp\/v2\/pages\/434\/revisions\/515"}],"up":[{"embeddable":true,"href":"https:\/\/verein-volkeningheim.de\/index.php?rest_route=\/wp\/v2\/pages\/347"}],"wp:attachment":[{"href":"https:\/\/verein-volkeningheim.de\/index.php?rest_route=%2Fwp%2Fv2%2Fmedia&parent=434"}],"curies":[{"name":"wp","href":"https:\/\/api.w.org\/{rel}","templated":true}]}}

externe Stellungnahmen und öffentliche Briefe

<p class="has-text-align-center"><strong>SPD</strong> (Stellungnahme und Pressemitteilung)</p>



<div data-wp-interactive="core/file" class="wp-block-file"><object data-wp-bind--hidden="!state.hasPdfPreview" hidden class="wp-block-file__embed" data="https://verein-volkeningheim.de/wp-content/uploads/2023/05/20230519_Offener_Brief_Kurschus_Volkeningheim.pdf" type="application/pdf" style="width:100%;height:600px" aria-label="Einbettung von 20230519_Offener_Brief_Kurschus_Volkeningheim."></object><a id="wp-block-file--media-2906aef4-7ada-42a5-9f8b-3cc805cb0331" href="https://verein-volkeningheim.de/wp-content/uploads/2023/05/20230519_Offener_Brief_Kurschus_Volkeningheim.pdf">20230519_Offener_Brief_Kurschus_Volkeningheim</a><a href="https://verein-volkeningheim.de/wp-content/uploads/2023/05/20230519_Offener_Brief_Kurschus_Volkeningheim.pdf" class="wp-block-file__button wp-element-button" download aria-describedby="wp-block-file--media-2906aef4-7ada-42a5-9f8b-3cc805cb0331">Herunterladen</a></div>



<div data-wp-interactive="core/file" class="wp-block-file"><object data-wp-bind--hidden="!state.hasPdfPreview" hidden class="wp-block-file__embed" data="https://verein-volkeningheim.de/wp-content/uploads/2023/05/20230519_Pressemitteilung_Volkeningheim.pdf" type="application/pdf" style="width:100%;height:600px" aria-label="Einbettung von 20230519_Pressemitteilung_Volkeningheim."></object><a id="wp-block-file--media-9474df3d-397b-4939-acfd-994be4e1a151" href="https://verein-volkeningheim.de/wp-content/uploads/2023/05/20230519_Pressemitteilung_Volkeningheim.pdf">20230519_Pressemitteilung_Volkeningheim</a><a href="https://verein-volkeningheim.de/wp-content/uploads/2023/05/20230519_Pressemitteilung_Volkeningheim.pdf" class="wp-block-file__button wp-element-button" download aria-describedby="wp-block-file--media-9474df3d-397b-4939-acfd-994be4e1a151">Herunterladen</a></div>



<p class="has-text-align-center has-medium-font-size"><strong>Bundes-ESG</strong></p>



<div data-wp-interactive="core/file" class="wp-block-file aligncenter"><object data-wp-bind--hidden="!state.hasPdfPreview" hidden class="wp-block-file__embed" data="https://verein-volkeningheim.de/wp-content/uploads/2023/05/Brief.Kirchenleitung.MS_BundesESG.pdf" type="application/pdf" style="width:100%;height:600px" aria-label="Einbettung von Brief.Kirchenleitung.MS_BundesESG."></object><a id="wp-block-file--media-07633c81-bc7a-4eeb-be35-ee333aba743f" href="https://verein-volkeningheim.de/wp-content/uploads/2023/05/Brief.Kirchenleitung.MS_BundesESG.pdf">Brief.Kirchenleitung.MS_BundesESG</a><a href="https://verein-volkeningheim.de/wp-content/uploads/2023/05/Brief.Kirchenleitung.MS_BundesESG.pdf" class="wp-block-file__button wp-element-button" download aria-describedby="wp-block-file--media-07633c81-bc7a-4eeb-be35-ee333aba743f">Herunterladen</a></div>



<div style="height:100px" aria-hidden="true" class="wp-block-spacer"></div>



<p class="has-text-align-center has-medium-font-size"><strong>Regionale politische Akteure</strong></p>



<p class="has-text-align-center">(AStA der Universität Münster • SPD Münster • Bündnis 90/Die Grünen/GAL Münster<br>Deutscher Gewerkschaftsbund Stadtverband Münster • Evangelische Studierendengemeine Münster<br>Die Linke Münster • LEG-Mieter*inneninitiative Münster • Grüne Jugend Münster • Jusos Münster<br>CampusGrün Münster • Juso-Hochschulgruppe Münster)</p>



<div data-wp-interactive="core/file" class="wp-block-file"><object data-wp-bind--hidden="!state.hasPdfPreview" hidden class="wp-block-file__embed" data="https://verein-volkeningheim.de/wp-content/uploads/2023/05/Stellungsnahme-zur-Schliessung-des-Oekumenischen-Volkeningheims.pdf" type="application/pdf" style="width:100%;height:600px" aria-label="Einbettung von Stellungsnahme-zur-Schliessung-des-Oekumenischen-Volkeningheims."></object><a id="wp-block-file--media-24bd4df0-94e3-4f86-bbb3-80bae6e70dad" href="https://verein-volkeningheim.de/wp-content/uploads/2023/05/Stellungsnahme-zur-Schliessung-des-Oekumenischen-Volkeningheims.pdf">Stellungsnahme-zur-Schliessung-des-Oekumenischen-Volkeningheims</a><a href="https://verein-volkeningheim.de/wp-content/uploads/2023/05/Stellungsnahme-zur-Schliessung-des-Oekumenischen-Volkeningheims.pdf" class="wp-block-file__button wp-element-button" download aria-describedby="wp-block-file--media-24bd4df0-94e3-4f86-bbb3-80bae6e70dad">Herunterladen</a></div>

<p>SPD (Stellungnahme und Pressemitteilung) Bundes-ESG Regionale politische Akteure (AStA der Universität Münster • SPD Münster • Bündnis 90/Die Grünen/GAL MünsterDeutscher Gewerkschaftsbund Stadtverband Münster • Evangelische Studierendengemeine MünsterDie Linke Münster • LEG-Mieter*inneninitiative Münster • Grüne Jugend Münster • Jusos MünsterCampusGrün Münster • Juso-Hochschulgruppe Münster)</p>
