{"id":383,"date":"2023-05-12T11:12:37","date_gmt":"2023-05-12T11:12:37","guid":{"rendered":"https:\/\/verein-volkeningheim.de\/?page_id=383"},"modified":"2023-05-21T10:41:58","modified_gmt":"2023-05-21T10:41:58","slug":"offener-brief","status":"publish","type":"page","link":"https:\/\/verein-volkeningheim.de\/?page_id=383","title":{"rendered":"Petition und Offener Brief an die Kirchenleitung"},"content":{"rendered":"\n<p class=\"has-text-align-center has-medium-font-size\"><a href=\"https:\/\/verein-volkeningheim.de\/?page_id=347\" data-type=\"page\" data-id=\"347\">Zur\u00fcck zur \u00dcbersicht (Link)<\/a><\/p>\n\n\n\n<script>\r\n\r\nvar OPWIDGET = {\r\n\r\n           \"base_url\": \"https:\/\/www.openpetition.de\",\r\n\r\n           \"api_key\": \"9fcbe9a7c377a48533f0ff73e159f52dd590700a5899934a5e2a9ef23f9ca62a\",\r\n\r\n           \"options\": {\r\n\r\n                     \"primarycolor\": \"#29b0cc\", \/\/ andere Farben: https:\/\/www.w3schools.com\/colors\/colors_picker.asp\r\n\r\n                     \"secondarycolor\": \"#3e3d40\",\r\n\r\n                     \"backgroundcolor\": \"#ffffff\",\r\n\r\n                     \"mainfontsize\": \"14px\",\r\n\r\n                     \"language\": \"de_DE.utf8\"\r\n\r\n           }\r\n\r\n};\r\n\r\n<\/script>\r\n\r\n<script src=\"https:\/\/www.openpetition.de\/javascript\/widget.js\"><\/script>\r\n\r\n<noscript>Bitte aktivieren Sie JavaScript und laden die Seite neu.<\/noscript>\n\n\n\n<p>Unten finden Sie unseren offenen Brief an die Kirchenleitung.<\/p>\n\n\n\n<p><br>Wenn Sie uns helfen wollen, <strong>Schreiben Sie selbst einen pers\u00f6nlichen Brief<\/strong> an die Kirchenleitung.&nbsp;Senden Sie Ihre pers\u00f6nliche Mail an&nbsp;<a rel=\"noreferrer noopener\" href=\"mailto:praeses@lka.ekvw.de\" target=\"_blank\">praeses@lka.ekvw.de<\/a>.<br>Senden Sie im Anschluss bitte eine kurze Info per Mail an vorstand@verein-volkeningheim.de, dass Sie einen Brief versendet haben, oder setzen Sie uns bcc, damit wir eine \u00dcbersicht haben.<\/p>\n\n\n\n<div data-wp-interactive=\"core\/file\" class=\"wp-block-file\"><object data-wp-bind--hidden=\"!state.hasPdfPreview\" hidden class=\"wp-block-file__embed\" data=\"https:\/\/verein-volkeningheim.de\/wp-content\/uploads\/2023\/05\/Oekumenisches-Volkeningheim-in-Muenster-bewahren.pdf\" type=\"application\/pdf\" style=\"width:100%;height:600px\" aria-label=\"Einbettung von Oekumenisches-Volkeningheim-in-Muenster-bewahren.\"><\/object><a id=\"wp-block-file--media-2ec11f4f-25b7-496e-9c60-db6aeb6b1cc9\" href=\"https:\/\/verein-volkeningheim.de\/wp-content\/uploads\/2023\/05\/Oekumenisches-Volkeningheim-in-Muenster-bewahren.pdf\">Oekumenisches-Volkeningheim-in-Muenster-bewahren<\/a><a href=\"https:\/\/verein-volkeningheim.de\/wp-content\/uploads\/2023\/05\/Oekumenisches-Volkeningheim-in-Muenster-bewahren.pdf\" class=\"wp-block-file__button wp-element-button\" download aria-describedby=\"wp-block-file--media-2ec11f4f-25b7-496e-9c60-db6aeb6b1cc9\">Herunterladen<\/a><\/div>\n\n\n\n<p class=\"has-text-align-center\"><a href=\"https:\/\/verein-volkeningheim.de\/?page_id=347\">Zur\u00fcck zur \u00dcbersicht (Link)<\/a><\/p>\n","protected":false},"excerpt":{"rendered":"<p>Zur\u00fcck zur \u00dcbersicht (Link) Bitte aktivieren Sie JavaScript und laden die Seite neu. Unten finden Sie unseren offenen Brief an die Kirchenleitung. Wenn Sie uns helfen wollen, Schreiben Sie selbst einen pers\u00f6nlichen Brief an die Kirchenleitung.&nbsp;Senden Sie Ihre pers\u00f6nliche Mail an&nbsp;praeses@lka.ekvw.de.Senden Sie im Anschluss bitte eine kurze Info per Mail an vorstand@verein-volkeningheim.de, dass Sie einen Brief versendet haben, oder setzen Sie uns bcc, damit wir eine \u00dcbersicht haben. Zur\u00fcck zur \u00dcbersicht (Link)<\/p>\n","protected":false},"author":1,"featured_media":0,"parent":0,"menu_order":0,"comment_status":"closed","ping_status":"closed","template":"","meta":{"footnotes":""},"class_list":["post-383","page","type-page","status-publish","hentry"],"_links":{"self":[{"href":"https:\/\/verein-volkeningheim.de\/index.php?rest_route=\/wp\/v2\/pages\/383","targetHints":{"allow":["GET"]}}],"collection":[{"href":"https:\/\/verein-volkeningheim.de\/index.php?rest_route=\/wp\/v2\/pages"}],"about":[{"href":"https:\/\/verein-volkeningheim.de\/index.php?rest_route=\/wp\/v2\/types\/page"}],"author":[{"embeddable":true,"href":"https:\/\/verein-volkeningheim.de\/index.php?rest_route=\/wp\/v2\/users\/1"}],"replies":[{"embeddable":true,"href":"https:\/\/verein-volkeningheim.de\/index.php?rest_route=%2Fwp%2Fv2%2Fcomments&post=383"}],"version-history":[{"count":8,"href":"https:\/\/verein-volkeningheim.de\/index.php?rest_route=\/wp\/v2\/pages\/383\/revisions"}],"predecessor-version":[{"id":455,"href":"https:\/\/verein-volkeningheim.de\/index.php?rest_route=\/wp\/v2\/pages\/383\/revisions\/455"}],"wp:attachment":[{"href":"https:\/\/verein-volkeningheim.de\/index.php?rest_route=%2Fwp%2Fv2%2Fmedia&parent=383"}],"curies":[{"name":"wp","href":"https:\/\/api.w.org\/{rel}","templated":true}]}}

<p class="has-text-align-center has-medium-font-size"><a href="https://verein-volkeningheim.de/?page_id=347" data-type="page" data-id="347">Zurück zur Übersicht (Link)</a></p>



<script>

var OPWIDGET = {

           "base_url": "https://www.openpetition.de",

           "api_key": "9fcbe9a7c377a48533f0ff73e159f52dd590700a5899934a5e2a9ef23f9ca62a",

           "options": {

                     "primarycolor": "#29b0cc", // andere Farben: https://www.w3schools.com/colors/colors_picker.asp

                     "secondarycolor": "#3e3d40",

                     "backgroundcolor": "#ffffff",

                     "mainfontsize": "14px",

                     "language": "de_DE.utf8"

           }

};

</script>

<script src="https://www.openpetition.de/javascript/widget.js"></script>

<noscript>Bitte aktivieren Sie JavaScript und laden die Seite neu.</noscript>



<p>Unten finden Sie unseren offenen Brief an die Kirchenleitung.</p>



<p><br>Wenn Sie uns helfen wollen, <strong>Schreiben Sie selbst einen persönlichen Brief</strong> an die Kirchenleitung.&nbsp;Senden Sie Ihre persönliche Mail an&nbsp;<a rel="noreferrer noopener" href="mailto:praeses@lka.ekvw.de" target="_blank">praeses@lka.ekvw.de</a>.<br>Senden Sie im Anschluss bitte eine kurze Info per Mail an vorstand@verein-volkeningheim.de, dass Sie einen Brief versendet haben, oder setzen Sie uns bcc, damit wir eine Übersicht haben.</p>



<div data-wp-interactive="core/file" class="wp-block-file"><object data-wp-bind--hidden="!state.hasPdfPreview" hidden class="wp-block-file__embed" data="https://verein-volkeningheim.de/wp-content/uploads/2023/05/Oekumenisches-Volkeningheim-in-Muenster-bewahren.pdf" type="application/pdf" style="width:100%;height:600px" aria-label="Einbettung von Oekumenisches-Volkeningheim-in-Muenster-bewahren."></object><a id="wp-block-file--media-2ec11f4f-25b7-496e-9c60-db6aeb6b1cc9" href="https://verein-volkeningheim.de/wp-content/uploads/2023/05/Oekumenisches-Volkeningheim-in-Muenster-bewahren.pdf">Oekumenisches-Volkeningheim-in-Muenster-bewahren</a><a href="https://verein-volkeningheim.de/wp-content/uploads/2023/05/Oekumenisches-Volkeningheim-in-Muenster-bewahren.pdf" class="wp-block-file__button wp-element-button" download aria-describedby="wp-block-file--media-2ec11f4f-25b7-496e-9c60-db6aeb6b1cc9">Herunterladen</a></div>



<p class="has-text-align-center"><a href="https://verein-volkeningheim.de/?page_id=347">Zurück zur Übersicht (Link)</a></p>

<p>Zurück zur Übersicht (Link) Bitte aktivieren Sie JavaScript und laden die Seite neu. Unten finden Sie unseren offenen Brief an die Kirchenleitung. Wenn Sie uns helfen wollen, Schreiben Sie selbst einen persönlichen Brief an die Kirchenleitung.&nbsp;Senden Sie Ihre persönliche Mail an&nbsp;praeses@lka.ekvw.de.Senden Sie im Anschluss bitte eine kurze Info per Mail an vorstand@verein-volkeningheim.de, dass Sie einen Brief versendet haben, oder setzen Sie uns bcc, damit wir eine Übersicht haben. Zurück zur Übersicht (Link)</p>
