{"id":347,"date":"2023-05-11T16:38:47","date_gmt":"2023-05-11T16:38:47","guid":{"rendered":"https:\/\/verein-volkeningheim.de\/?page_id=347"},"modified":"2024-11-26T16:35:26","modified_gmt":"2024-11-26T16:35:26","slug":"aktion-volkeningheim-erhalten","status":"publish","type":"page","link":"https:\/\/verein-volkeningheim.de\/?page_id=347","title":{"rendered":"Volkeningheim erhalten"},"content":{"rendered":"\n<p>Weitere Informationen:<\/p>\n\n\n\n<ul class=\"wp-block-list\">\n<li><a href=\"https:\/\/www.openpetition.de\/petition\/online\/offener-brief-rettet-das-volkeningheim-studentischen-wohnraum-erhalten\" data-type=\"URL\" data-id=\"https:\/\/www.openpetition.de\/petition\/online\/offener-brief-rettet-das-volkeningheim-studentischen-wohnraum-erhalten\">Petition (Link, Weiterleitung auf openpetition.de)<\/a><\/li>\n\n\n\n<li><a href=\"https:\/\/verein-volkeningheim.de\/?page_id=383\">Offener Brief (Link)<\/a><\/li>\n\n\n\n<li><a href=\"https:\/\/verein-volkeningheim.de\/?page_id=434\">Offene Briefe (Bundes-ESG, SPD, regionale Akteure) (Link)<\/a><\/li>\n\n\n\n<li><a href=\"https:\/\/verein-volkeningheim.de\/?page_id=438\" data-type=\"page\" data-id=\"438\">Predigt von Traugott Roser (Link)<\/a><\/li>\n\n\n\n<li><a href=\"https:\/\/verein-volkeningheim.de\/?page_id=351\" data-type=\"page\" data-id=\"351\">Stellungnahme an das Bauministerium (Link)<\/a><\/li>\n\n\n\n<li><a href=\"https:\/\/verein-volkeningheim.de\/?page_id=349\" data-type=\"page\" data-id=\"349\">Unsere Pressemitteilung hier (Link)<\/a><\/li>\n\n\n\n<li><a href=\"https:\/\/verein-volkeningheim.de\/?page_id=349\" data-type=\"page\" data-id=\"349\">WN-Artikel und Beitrag Lokalzeit M\u00fcnsterland WDR (Link)<\/a><\/li>\n<\/ul>\n\n\n\n<hr class=\"wp-block-separator has-alpha-channel-opacity\"\/>\n\n\n\n<p><em>[Beitrag veraltet]<\/em> Das \u201e\u00d6kumenische Volkeningheim\u201c soll zu Ende September 2024 geschlossen werden. Diesen Beschluss m\u00f6chte die Kirchenleitung der Evangelischen Kirche von Westfalen (EKvW) noch im Mai 2023 fassen. Wir kritisieren diese Absicht scharf und setzen uns gemeinsam mit aktuellen Bewohner:innen und weiteren Unterst\u00fctzer:innen daf\u00fcr ein, die Schlie\u00dfung zu verhindern.<\/p>\n\n\n\n<p>In einer Zeit von steigenden Mieten, Wohnungsmangel und Armut unter Studierenden sehen wir eine Schlie\u00dfung des Wohnheims als falsches Zeichen der Kirche. Das Wohnheim ist ein Leuchtturmprojekt studentischer Gemeinschaft mit gelebter Integration, Interreligiosit\u00e4t und Vielfalt und damit weit mehr als nur bezahlbarer Wohnraum in zentraler Lage. Durch eine lebendige Hausgemeinschaft, die zur H\u00e4lfte aus internationalen Studierenden besteht, k\u00f6nnen hier verschiedenste Nationalit\u00e4ten gemeinsam leben und von- und miteinander lernen.<\/p>\n\n\n\n<p>Aus unserer Sicht ist die Entscheidung der Schlie\u00dfung eine Frage der politischen Priorisierung der Landeskirche, finanzielle Einsparungen ausgerechnet im Bereich studentischen Wohnraums und in der Arbeit mit jungen Erwachsenen vorzunehmen. Deshalb wenden wir uns mit einem offenen Brief an die Kirchenleitung der Evangelischen Kirche von Westfalen und fordern sie auf, sich f\u00fcr den Erhalt von vielf\u00e4ltigem, studentischem Wohnraum im Volkeningheim einzusetzen.<\/p>\n\n\n\n<p>Auf den folgenden Seiten k\u00f6nnen Sie sich \u00fcber den aktuellen Stand unserer Forderungen informieren.<\/p>\n\n\n\n<p><\/p>\n","protected":false},"excerpt":{"rendered":"<p>Weitere Informationen: [Beitrag veraltet] Das \u201e\u00d6kumenische Volkeningheim\u201c soll zu Ende September 2024 geschlossen werden. Diesen Beschluss m\u00f6chte die Kirchenleitung der Evangelischen Kirche von Westfalen (EKvW) noch im Mai 2023 fassen. Wir kritisieren diese Absicht scharf und setzen uns gemeinsam mit aktuellen Bewohner:innen und weiteren Unterst\u00fctzer:innen daf\u00fcr ein, die Schlie\u00dfung zu verhindern. In einer Zeit von steigenden Mieten, Wohnungsmangel und Armut unter Studierenden sehen wir eine Schlie\u00dfung des Wohnheims als falsches Zeichen der Kirche. Das Wohnheim ist ein Leuchtturmprojekt studentischer Gemeinschaft&#8230;<\/p>\n<p class=\"read-more\"><a class=\"btn btn-default\" href=\"https:\/\/verein-volkeningheim.de\/?page_id=347\">Weiterlesen<span class=\"screen-reader-text\"> Weiterlesen<\/span><\/a><\/p>\n","protected":false},"author":1,"featured_media":0,"parent":0,"menu_order":0,"comment_status":"closed","ping_status":"closed","template":"","meta":{"footnotes":""},"class_list":["post-347","page","type-page","status-publish","hentry"],"_links":{"self":[{"href":"https:\/\/verein-volkeningheim.de\/index.php?rest_route=\/wp\/v2\/pages\/347","targetHints":{"allow":["GET"]}}],"collection":[{"href":"https:\/\/verein-volkeningheim.de\/index.php?rest_route=\/wp\/v2\/pages"}],"about":[{"href":"https:\/\/verein-volkeningheim.de\/index.php?rest_route=\/wp\/v2\/types\/page"}],"author":[{"embeddable":true,"href":"https:\/\/verein-volkeningheim.de\/index.php?rest_route=\/wp\/v2\/users\/1"}],"replies":[{"embeddable":true,"href":"https:\/\/verein-volkeningheim.de\/index.php?rest_route=%2Fwp%2Fv2%2Fcomments&post=347"}],"version-history":[{"count":10,"href":"https:\/\/verein-volkeningheim.de\/index.php?rest_route=\/wp\/v2\/pages\/347\/revisions"}],"predecessor-version":[{"id":547,"href":"https:\/\/verein-volkeningheim.de\/index.php?rest_route=\/wp\/v2\/pages\/347\/revisions\/547"}],"wp:attachment":[{"href":"https:\/\/verein-volkeningheim.de\/index.php?rest_route=%2Fwp%2Fv2%2Fmedia&parent=347"}],"curies":[{"name":"wp","href":"https:\/\/api.w.org\/{rel}","templated":true}]}}

<p>Weitere Informationen:</p>



<ul class="wp-block-list">
<li><a href="https://www.openpetition.de/petition/online/offener-brief-rettet-das-volkeningheim-studentischen-wohnraum-erhalten" data-type="URL" data-id="https://www.openpetition.de/petition/online/offener-brief-rettet-das-volkeningheim-studentischen-wohnraum-erhalten">Petition (Link, Weiterleitung auf openpetition.de)</a></li>



<li><a href="https://verein-volkeningheim.de/?page_id=383">Offener Brief (Link)</a></li>



<li><a href="https://verein-volkeningheim.de/?page_id=434">Offene Briefe (Bundes-ESG, SPD, regionale Akteure) (Link)</a></li>



<li><a href="https://verein-volkeningheim.de/?page_id=438" data-type="page" data-id="438">Predigt von Traugott Roser (Link)</a></li>



<li><a href="https://verein-volkeningheim.de/?page_id=351" data-type="page" data-id="351">Stellungnahme an das Bauministerium (Link)</a></li>



<li><a href="https://verein-volkeningheim.de/?page_id=349" data-type="page" data-id="349">Unsere Pressemitteilung hier (Link)</a></li>



<li><a href="https://verein-volkeningheim.de/?page_id=349" data-type="page" data-id="349">WN-Artikel und Beitrag Lokalzeit Münsterland WDR (Link)</a></li>
</ul>



<hr class="wp-block-separator has-alpha-channel-opacity"/>



<p><em>[Beitrag veraltet]</em> Das „Ökumenische Volkeningheim“ soll zu Ende September 2024 geschlossen werden. Diesen Beschluss möchte die Kirchenleitung der Evangelischen Kirche von Westfalen (EKvW) noch im Mai 2023 fassen. Wir kritisieren diese Absicht scharf und setzen uns gemeinsam mit aktuellen Bewohner:innen und weiteren Unterstützer:innen dafür ein, die Schließung zu verhindern.</p>



<p>In einer Zeit von steigenden Mieten, Wohnungsmangel und Armut unter Studierenden sehen wir eine Schließung des Wohnheims als falsches Zeichen der Kirche. Das Wohnheim ist ein Leuchtturmprojekt studentischer Gemeinschaft mit gelebter Integration, Interreligiosität und Vielfalt und damit weit mehr als nur bezahlbarer Wohnraum in zentraler Lage. Durch eine lebendige Hausgemeinschaft, die zur Hälfte aus internationalen Studierenden besteht, können hier verschiedenste Nationalitäten gemeinsam leben und von- und miteinander lernen.</p>



<p>Aus unserer Sicht ist die Entscheidung der Schließung eine Frage der politischen Priorisierung der Landeskirche, finanzielle Einsparungen ausgerechnet im Bereich studentischen Wohnraums und in der Arbeit mit jungen Erwachsenen vorzunehmen. Deshalb wenden wir uns mit einem offenen Brief an die Kirchenleitung der Evangelischen Kirche von Westfalen und fordern sie auf, sich für den Erhalt von vielfältigem, studentischem Wohnraum im Volkeningheim einzusetzen.</p>



<p>Auf den folgenden Seiten können Sie sich über den aktuellen Stand unserer Forderungen informieren.</p>



<p></p>

<p>Weitere Informationen: [Beitrag veraltet] Das „Ökumenische Volkeningheim“ soll zu Ende September 2024 geschlossen werden. Diesen Beschluss möchte die Kirchenleitung der Evangelischen Kirche von Westfalen (EKvW) noch im Mai 2023 fassen. Wir kritisieren diese Absicht scharf und setzen uns gemeinsam mit aktuellen Bewohner:innen und weiteren Unterstützer:innen dafür ein, die Schließung zu verhindern. In einer Zeit von steigenden Mieten, Wohnungsmangel und Armut unter Studierenden sehen wir eine Schließung des Wohnheims als falsches Zeichen der Kirche. Das Wohnheim ist ein Leuchtturmprojekt studentischer Gemeinschaft&#8230;</p>
<p class="read-more"><a class="btn btn-default" href="https://verein-volkeningheim.de/?page_id=347">Weiterlesen<span class="screen-reader-text"> Weiterlesen</span></a></p>
