{"id":16,"date":"2018-12-11T20:17:17","date_gmt":"2018-12-11T20:17:17","guid":{"rendered":"http:\/\/verein-volkeningheim.de\/?page_id=16"},"modified":"2025-11-05T11:33:52","modified_gmt":"2025-11-05T11:33:52","slug":"impressum","status":"publish","type":"page","link":"https:\/\/verein-volkeningheim.de\/?page_id=16","title":{"rendered":"Impressum"},"content":{"rendered":"\n<p>Angaben gem\u00e4\u00df \u00a75 TMG<\/p>\n\n\n\n<p>Verein der Freundinnen und Freunde des \u00d6kumenischen Volkeningheims<\/p>\n\n\n\n<p>Breul 43<\/p>\n\n\n\n<p>48143 M\u00fcnster<\/p>\n\n\n\n<p>Vertreten durch die Vorsitzende Lena-Maria L\u00fccken<\/p>\n\n\n\n<p>Kontakt: <a href=\"mailto:vorstand[at]verein-volkeningheim.de\" data-type=\"mailto\" data-id=\"mailto:vorstand[at]verein-volkeningheim.de\">vorstand[at]verein-volkeningheim.de<\/a><\/p>\n\n\n\n<p>Verantwortlich f\u00fcr den Inhalt nach \u00a755 Abs. 2 RStV:<\/p>\n\n\n\n<p><strong><em>Wer?<\/em><\/strong><\/p>\n\n\n\n<p>Verein der Freundinnen und Freunde des\n\u00d6kumenischen Volkeningheims<\/p>\n\n\n\n<p>Sollte irgendwelcher Inhalt oder die designtechnische Gestaltung einzelner Seiten oderTeile dieser Internetseite fremde Rechte Dritter oder gesetzliche Bestimmungenverletzen oder anderweitig in irgendeiner Form wettbewerbsrechtliche Problemehervorbringen, so bitten wir unter Berufung auf \u00a7 8 Abs. 4 UWG, um eine angemessene, ausreichend erl\u00e4uternde und schnelle Nachricht ohne Kostennote.&nbsp;<br><br>Wir garantieren, dass die zu Recht beanstandeten Passagen oder Teile dieser Webseiten in angemessener Frist entfernt bzw. den rechtlichen Vorgaben umf\u00e4nglich angepasst werden, ohne dass von Ihrer Seite die Einschaltung eines Rechtsbeistandes erforderlich ist.&nbsp;<br><br>Die Einschaltung eines Anwalts zur f\u00fcr den Diensteanbieter kostenpflichtigen Abmahnung entspricht nicht dessen wirklichem oder mutma\u00dflichem Willen und w\u00fcrde damit einen Versto\u00df gegen das UWG wegen der Verfolgung sachfremder Ziele als beherrschendes Motiv der Verfahrenseinleitung, insbesondere einer Kostenerzielungsabsicht als eigentliche Triebfeder, sowie einen Versto\u00df gegen die Schadensminderungspflicht darstellen.&nbsp;<\/p>\n","protected":false},"excerpt":{"rendered":"<p>Angaben gem\u00e4\u00df \u00a75 TMG Verein der Freundinnen und Freunde des \u00d6kumenischen Volkeningheims Breul 43 48143 M\u00fcnster Vertreten durch die Vorsitzende Lena-Maria L\u00fccken Kontakt: vorstand[at]verein-volkeningheim.de Verantwortlich f\u00fcr den Inhalt nach \u00a755 Abs. 2 RStV: Wer? Verein der Freundinnen und Freunde des \u00d6kumenischen Volkeningheims Sollte irgendwelcher Inhalt oder die designtechnische Gestaltung einzelner Seiten oderTeile dieser Internetseite fremde Rechte Dritter oder gesetzliche Bestimmungenverletzen oder anderweitig in irgendeiner Form wettbewerbsrechtliche Problemehervorbringen, so bitten wir unter Berufung auf \u00a7 8 Abs. 4 UWG, um eine&#8230;<\/p>\n<p class=\"read-more\"><a class=\"btn btn-default\" href=\"https:\/\/verein-volkeningheim.de\/?page_id=16\">Weiterlesen<span class=\"screen-reader-text\"> Weiterlesen<\/span><\/a><\/p>\n","protected":false},"author":1,"featured_media":0,"parent":0,"menu_order":0,"comment_status":"closed","ping_status":"closed","template":"","meta":{"footnotes":""},"class_list":["post-16","page","type-page","status-publish","hentry"],"_links":{"self":[{"href":"https:\/\/verein-volkeningheim.de\/index.php?rest_route=\/wp\/v2\/pages\/16","targetHints":{"allow":["GET"]}}],"collection":[{"href":"https:\/\/verein-volkeningheim.de\/index.php?rest_route=\/wp\/v2\/pages"}],"about":[{"href":"https:\/\/verein-volkeningheim.de\/index.php?rest_route=\/wp\/v2\/types\/page"}],"author":[{"embeddable":true,"href":"https:\/\/verein-volkeningheim.de\/index.php?rest_route=\/wp\/v2\/users\/1"}],"replies":[{"embeddable":true,"href":"https:\/\/verein-volkeningheim.de\/index.php?rest_route=%2Fwp%2Fv2%2Fcomments&post=16"}],"version-history":[{"count":6,"href":"https:\/\/verein-volkeningheim.de\/index.php?rest_route=\/wp\/v2\/pages\/16\/revisions"}],"predecessor-version":[{"id":575,"href":"https:\/\/verein-volkeningheim.de\/index.php?rest_route=\/wp\/v2\/pages\/16\/revisions\/575"}],"wp:attachment":[{"href":"https:\/\/verein-volkeningheim.de\/index.php?rest_route=%2Fwp%2Fv2%2Fmedia&parent=16"}],"curies":[{"name":"wp","href":"https:\/\/api.w.org\/{rel}","templated":true}]}}

<p>Angaben gemäß §5 TMG</p>



<p>Verein der Freundinnen und Freunde des Ökumenischen Volkeningheims</p>



<p>Breul 43</p>



<p>48143 Münster</p>



<p>Vertreten durch die Vorsitzende Lena-Maria Lücken</p>



<p>Kontakt: <a href="mailto:vorstand[at]verein-volkeningheim.de" data-type="mailto" data-id="mailto:vorstand[at]verein-volkeningheim.de">vorstand[at]verein-volkeningheim.de</a></p>



<p>Verantwortlich für den Inhalt nach §55 Abs. 2 RStV:</p>



<p><strong><em>Wer?</em></strong></p>



<p>Verein der Freundinnen und Freunde des
Ökumenischen Volkeningheims</p>



<p>Sollte irgendwelcher Inhalt oder die designtechnische Gestaltung einzelner Seiten oderTeile dieser Internetseite fremde Rechte Dritter oder gesetzliche Bestimmungenverletzen oder anderweitig in irgendeiner Form wettbewerbsrechtliche Problemehervorbringen, so bitten wir unter Berufung auf § 8 Abs. 4 UWG, um eine angemessene, ausreichend erläuternde und schnelle Nachricht ohne Kostennote.&nbsp;<br><br>Wir garantieren, dass die zu Recht beanstandeten Passagen oder Teile dieser Webseiten in angemessener Frist entfernt bzw. den rechtlichen Vorgaben umfänglich angepasst werden, ohne dass von Ihrer Seite die Einschaltung eines Rechtsbeistandes erforderlich ist.&nbsp;<br><br>Die Einschaltung eines Anwalts zur für den Diensteanbieter kostenpflichtigen Abmahnung entspricht nicht dessen wirklichem oder mutmaßlichem Willen und würde damit einen Verstoß gegen das UWG wegen der Verfolgung sachfremder Ziele als beherrschendes Motiv der Verfahrenseinleitung, insbesondere einer Kostenerzielungsabsicht als eigentliche Triebfeder, sowie einen Verstoß gegen die Schadensminderungspflicht darstellen.&nbsp;</p>

<p>Angaben gemäß §5 TMG Verein der Freundinnen und Freunde des Ökumenischen Volkeningheims Breul 43 48143 Münster Vertreten durch die Vorsitzende Lena-Maria Lücken Kontakt: vorstand[at]verein-volkeningheim.de Verantwortlich für den Inhalt nach §55 Abs. 2 RStV: Wer? Verein der Freundinnen und Freunde des Ökumenischen Volkeningheims Sollte irgendwelcher Inhalt oder die designtechnische Gestaltung einzelner Seiten oderTeile dieser Internetseite fremde Rechte Dritter oder gesetzliche Bestimmungenverletzen oder anderweitig in irgendeiner Form wettbewerbsrechtliche Problemehervorbringen, so bitten wir unter Berufung auf § 8 Abs. 4 UWG, um eine&#8230;</p>
<p class="read-more"><a class="btn btn-default" href="https://verein-volkeningheim.de/?page_id=16">Weiterlesen<span class="screen-reader-text"> Weiterlesen</span></a></p>
